f u and 30?
30
Let h(f) = f**2 + 27*f - 282. Let v be h(10). Let x(d) = -d**3 - 5*d**2 + 3*d + 6. Let n be x(-6). What is the greatest common factor of v and n?
8
Let o be 1 - ((-11)/(484/5576) - (-30)/(-110)). Calculate the highest common factor of o and 2656.
32
Let m be (((-133)/(-4))/7)/(18882/1888 + -10). Calculate the greatest common factor of m and 228.
76
Let m = -4868 + 15894. Calculate the highest common divisor of m and 74.
74
Let i be ((-44)/8*-4)/(-1). Let l = 56 + i. Let u(r) = -r**3 - 28*r**2 - 4*r - 10. Let j be u(-28). What is the highest common factor of l and j?
34
Suppose -579 = -20*v + 621. Let g = 52 + v. What is the highest common divisor of 168 and g?
56
Let b(d) = 184*d + 2029. Let m be b(-3). What is the highest common divisor of m and 3165?
211
Let h be (-89)/(-5) - 2/(-10). Suppose 5*j + h = 2*j. Let w(z) = 5*z**2 + 13*z. Let d be w(j). What is the highest common divisor of d and 34?
34
Let s(g) = 13 - 4*g**2 - 2*g**2 - 7 + 13*g. Let l be s(5). Let c = -74 - l. What is the highest common divisor of c and 20?
5
Let c(v) = v**3 - 15*v**2 - 13*v - 40. Let b be c(16). Suppose j - 3*y + b = 76, 0 = 3*j - 4*y - 224. Calculate the highest common divisor of 100 and j.
20
Let k(x) = 3*x**3 + 27*x**2 - 68*x + 13. Let f be k(-11). What is the greatest common divisor of 10745 and f?
35
Suppose -111*k + 3034 = 1147. What is the highest common divisor of k and 4?
1
Suppose 446 = o - 4*k, -2125 = 243*o - 248*o + 5*k. What is the greatest common divisor of o and 2318?
38
Suppose -2 - 49 = -17*i. Calculate the greatest common divisor of i and 5799.
3
Suppose -4*c = -6*c. Suppose c = 2*m, 0*x = 2*x + 2*m - 46. Suppose -d + j = 4*j - 63, -5*j - 10 = 0. What is the highest common divisor of d and x?
23
Let p be 2 - (2 - (-10 - 2)). Let c be (184/p)/((-4)/6). Suppose c + 37 = 5*m. What is the highest common divisor of 60 and m?
12
Let h(r) = r + 5. Let w = 14 + -15. Let c(u) = 1. Let g(l) = w*h(l) + 5*c(l). Let s be g(-5). Calculate the greatest common divisor of 20 and s.
5
Let j(h) = 0 + 1 + 2 - h - 2. Let v(w) = w**3 - 3*w**2 - 6*w + 5. Let l be v(4). Let q be j(l). What is the highest common factor of q and 4?
4
Suppose 5*z + 3*r = 1549, 62 = -z + 5*r + 411. Calculate the greatest common factor of 14601 and z.
157
Let j(t) = -3*t + 192. Let m be j(8). What is the highest common factor of m and 216?
24
Let z be 3740/(-8) - 2*(-12)/(-16). Let b = z + 493. What is the highest common factor of 456 and b?
24
Suppose -3*m = -8*m + 130. Suppose -1728*z + 1731*z = 4*y - 7, 2*z - 22 = -4*y. What is the highest common divisor of m and y?
2
Suppose 3*p = -h - 1701 + 279, -p + h = 474. Let u = 663 + p. Calculate the greatest common divisor of u and 126.
63
Let w(t) = t**2 - 83*t - 578. Let l be w(90). Let u = 1118 - 572. What is the highest common factor of l and u?
26
Let f(b) = -b**3 + 26*b**2 + 29*b - 54. Let w be f(27). Suppose -6*h - 25*h + 18693 = w. What is the highest common factor of h and 67?
67
Let i = -11 - -13. Suppose -41 = -5*p - r, 3*r = -i*r - 20. Let v(y) = -y**2 + 11*y + 4. Let f be v(p). Calculate the highest common divisor of 176 and f.
22
Let f = 81 - 74. Let r(a) = a**2 - 9*a. Let q be r(11). Let c = 155 - q. What is the greatest common factor of c and f?
7
Let c(l) = 4*l**3 + 77*l**2 + 100*l - 501. Let t be c(-17). Suppose 0 = -5*u - 2*z - z + 403, 5*z = 5. Calculate the greatest common factor of u and t.
80
Let h be (-51)/2*(0 - 4/2). Suppose 5*t = -528 - 152. Let p be (-3)/(12/t*1). What is the greatest common factor of h and p?
17
Suppose -17 = -10*t + 13. Suppose 18 = 2*m - 5*s, t*m = -2*m - 5*s + 10. Suppose -48 = -m*w + 32. Calculate the greatest common factor of 8 and w.
4
Suppose -5*p + 16 = 2*q + 7, -5*p = 15. Suppose -4*k + 20*k = 64. Suppose -3*n + n = -k, 0 = g + 2*n - 100. What is the greatest common divisor of g and q?
12
Suppose 5*s - 495*u - 585 = -500*u, -2*u = -14. Let z = 40 - 18. What is the greatest common divisor of z and s?
22
Suppose 3*l = -2*r + 16 + 7, 0 = 5*r + 4*l - 40. Calculate the highest common divisor of 11 and r.
1
Suppose 65*z - 17458 = 18617. Let q be 4 + 9 + (-4)/(-2). What is the greatest common divisor of z and q?
15
Let q = 16 - -44. Let i = -59 + 133. Suppose -i + 14 = -4*s. Calculate the highest common divisor of q and s.
15
Suppose 2*n - 83 = 1. Calculate the greatest common divisor of n and 742.
14
Let f(i) = 2*i - 3. Let v be f(11). Let a = 73 + -76. Let b be (-1 - (1 + a))*114. Calculate the greatest common divisor of v and b.
19
Suppose 4*j + 4 = 0, 3*r - j + 485 = 3*j. Let s = r + 173. Suppose 0 = 5*u - 2*u - 120. Calculate the highest common divisor of u and s.
10
Suppose 3*n + 14 = -q, -11*n + 5*q - 26 = -10*n. Let p be (-1 - -2) + n + 10 + 1503. What is the greatest common divisor of 58 and p?
58
Let j = 94 + -739. Let a = 649 + j. What is the highest common divisor of 94 and a?
2
Suppose 32*c - 3512 = 28*c. Suppose -13*n = -12*n - c. Suppose 198 = -5*g + n. Calculate the highest common divisor of 8 and g.
8
Suppose 128*h = 119*h + 495. Calculate the highest common factor of 352 and h.
11
Let g(b) = 2*b**3 + 13*b**2 - 96*b + 15. Let m be g(5). Suppose 3*x - 4*f + 41 - 123 = 0, x = -4*f + 6. Calculate the highest common factor of x and m.
22
Let w be (-9232)/(-20) + (-15)/(-25)*-1. Calculate the highest common factor of 1 and w.
1
Let g be (4 + 2)*(-2)/(-3). Suppose 2*k = 10*c - 9*c - 21, 3*c - g*k = 57. What is the greatest common divisor of c and 3?
3
Let w = -36226 - -102118. What is the highest common factor of w and 19?
19
Let d be (18 - -1)*(30 - 29). Let j = d + 7. Calculate the greatest common divisor of 195 and j.
13
Suppose 0 = -3*v + v - 5*a + 29, 0 = 3*v + 5*a - 31. Suppose -v*s + 4*s + 265 = 3*x, 4*s + 275 = 3*x. Calculate the highest common factor of 10 and x.
5
Let q be 8*(-4869)/(-360) - (-3)/(-15). What is the highest common factor of q and 81?
27
Suppose 183*z - 13871 = 32750 + 6083. What is the greatest common divisor of z and 352?
32
Let d(p) = -p + 47. Let j be d(-15). Let t be (j/(-3))/((40/(-42))/(-10)). Let m = t + 404. What is the highest common factor of 17 and m?
17
Let c = 291 - 255. Let a be (c/(-90))/((-2)/80). Suppose -4*r = -5*u, -2*r + r = -5. Calculate the highest common factor of a and u.
4
Let j be (-12988)/(-20) + (-3)/(-5). Let g be (39/(-4))/(-8 - 183/(-24)). What is the greatest common factor of j and g?
26
Let d be 9014 - (1/(-6) - (-475)/150 - 5). Calculate the highest common factor of d and 28.
28
Let w = -12988 - -13068. Calculate the highest common divisor of 2480 and w.
80
Suppose 0 = -42*u + 26*u + 8416. Let n = 1032 - u. What is the greatest common divisor of 46 and n?
46
Let p be 671070/(-180) + 3/18. Let n = -2128 - p. Calculate the greatest common factor of 100 and n.
100
Suppose -8*i + 11*i - 6 = 0, 22*l + 5*i = 186. Calculate the highest common factor of l and 1418.
2
Suppose -14 = -5*z - 3*i, -9*z + 7*z = 5*i - 17. Let s be (17 + -4)*(8 - z). What is the highest common divisor of s and 7?
7
Suppose 3*p - 18 = 21. Suppose -4133 = -15*l - 1178. Let u = l - 158. What is the greatest common factor of u and p?
13
Suppose 0 = 88*u - 85*u - 4014. Suppose 7*i - u = 300. Let j be i/104*(-1*1 + 5). Calculate the greatest common factor of j and 12.
3
Let f be (-4)/(-6)*150/(-10) + 12. Let i(c) = -c**3 + 13*c**2 + 4*c - 14. Let g be i(13). What is the greatest common divisor of g and f?
2
Let v = -23 + 49. Suppose -4*y + 2*t + 2*t = -1140, -3*y + 5*t = -853. What is the greatest common divisor of v and y?
26
Let k be (5/(-40)*-4)/(1/(-110)). Let r be (-4)/(-10) + (-3938)/k. Let z be 7*(0 - 72/(-28)). Calculate the greatest common divisor of r and z.
18
Suppose 0 = 2*n - n. Suppose 4*y + n*h - 111 = -h, 0 = 4*h + 20. Let m = 25 + 91. Calculate the greatest common factor of y and m.
29
Let c be 5*(-5)/50 + 1/2. Suppose y + 15 - 20 = c. What is the greatest common divisor of y and 45?
5
Let g be ((-24)/1)/((11/30)/(-11)). Suppose g + 72 = 11*m. What is the highest common factor of 120 and m?
24
Let j = -201 + 201. Suppose j = -4*z + 349 + 227. What is the highest common factor of 16 and z?
16
Let r(c) = c**3 + 7*c**2 - 20*c - 24. Let k be r(-8). Calculate the greatest common factor of 486 and k.
18
Suppose 2*w - 34 = -3*w + 3*v,